{"id":271884,"date":"2021-11-05T13:25:19","date_gmt":"2021-11-05T12:25:19","guid":{"rendered":"https:\/\/www.harriebeau.de\/?page_id=271884"},"modified":"2021-11-05T13:50:47","modified_gmt":"2021-11-05T12:50:47","slug":"impressum","status":"publish","type":"page","link":"https:\/\/www.harriebeau.de\/?page_id=271884","title":{"rendered":"Impressum"},"content":{"rendered":"<p>[et_pb_section fb_built=&#8220;1&#8243; admin_label=&#8220;Sektion Impressum&#8220; _builder_version=&#8220;4.10.5&#8243; _module_preset=&#8220;default&#8220; background_color=&#8220;#000000&#8243; global_colors_info=&#8220;{}&#8220;][et_pb_row _builder_version=&#8220;4.10.5&#8243; _module_preset=&#8220;default&#8220; width=&#8220;2560px&#8220; max_width=&#8220;45%&#8220; hover_enabled=&#8220;0&#8243; global_colors_info=&#8220;{}&#8220; sticky_enabled=&#8220;0&#8243;][et_pb_column type=&#8220;4_4&#8243; _builder_version=&#8220;4.10.5&#8243; _module_preset=&#8220;default&#8220; global_colors_info=&#8220;{}&#8220;][et_pb_text admin_label=&#8220;\u00dcberschrift Impressum&#8220; _builder_version=&#8220;4.10.5&#8243; _module_preset=&#8220;default&#8220; hover_enabled=&#8220;0&#8243; global_colors_info=&#8220;{}&#8220; header_3_font_size=&#8220;26px&#8220; header_3_text_color=&#8220;rgba(255,255,255,0.6)&#8220; sticky_enabled=&#8220;0&#8243;]<\/p>\n<h3 style=\"text-align: center;\">Impressum<\/h3>\n<p>[\/et_pb_text][et_pb_text _builder_version=&#8220;4.10.5&#8243; _module_preset=&#8220;default&#8220; hover_enabled=&#8220;0&#8243; global_colors_info=&#8220;{}&#8220; sticky_enabled=&#8220;0&#8243;]<\/p>\n<p class=\"a\"><span class=\"a\"><span class=\"aaa\"><span class=\"aaaaa\"><span class=\"Stil49\">Angaben gem\u00e4\u00df \u00a7 5 TMG<\/span><\/span><\/span><\/span><\/p>\n<p class=\"a\"><span class=\"Stil49\"><span class=\"aaaaa\"><span class=\"aaa\"><span class=\"a\">Benedict Stopf kuchen\u00a0<br \/>Kirschenweg 8<br \/>75447 Sternenfels\u00a0<br \/><\/span><\/span><\/span><\/span><\/p>\n<p class=\"a\"><span class=\"Stil49\"><span class=\"aaaaa\"><span class=\"aaa\"><span class=\"a\"><strong>Vertreten durch: <\/strong><br \/>Harriebeau<br \/><\/span><\/span><\/span><\/span><\/p>\n<p class=\"a\"><span class=\"Stil49\"><span class=\"aaaaa\"><span class=\"aaa\"><span class=\"a\"><strong>Kontakt:<\/strong> <br \/>Telefon: 0151 588 468 94<br \/>E-Mail: <a href=\"mailto:info@fotosym.de\">kontakt@harriebeau.de<\/a><\/span><\/span><\/span><\/span><\/p>\n<p class=\"a\"><span class=\"a\">Alle Bilder und Logos sind urheberrechtlich gesch\u00fctzt, Urheber ist H. Stopfkuchen<br \/><\/span><\/p>\n<p class=\"a\"><span class=\"a\"><br \/><strong>Haftung f\u00fcr Inhalte<\/strong><br \/>Die Inhalte unserer Seiten wurden mit gr\u00f6\u00dfter Sorgfalt erstellt. F\u00fcr die Richtigkeit, Vollst\u00e4ndigkeit und Aktualit\u00e4t der Inhalte k\u00f6nnen wir jedoch keine Gew\u00e4hr \u00fcbernehmen. Als Diensteanbieter sind wir gem\u00e4\u00df \u00a7 7 Abs.1 TMG f\u00fcr eigene Inhalte auf diesen Seiten nach den allgemeinen Gesetzen verantwortlich. Nach \u00a7\u00a7 8 bis 10 TMG sind wir als Diensteanbieter jedoch nicht verpflichtet, \u00fcbermittelte oder gespeicherte fremde Informationen zu \u00fcberwachen oder nach Umst\u00e4nden zu forschen, die auf eine rechtswidrige T\u00e4tigkeit hinweisen. Verpflichtungen zur Entfernung oder Sperrung der Nutzung von Informationen nach den allgemeinen Gesetzen bleiben hiervon unber\u00fchrt. Eine diesbez\u00fcgliche Haftung ist jedoch erst ab dem Zeitpunkt der Kenntnis einer konkreten Rechtsverletzung m\u00f6glich. Bei Bekanntwerden von entsprechenden Rechtsverletzungen werden wir diese Inhalte umgehend entfernen.<\/p>\n<p><strong>Haftung f\u00fcr Links<\/strong><br \/>Unsere Seite enth\u00e4lt ev. Links zu externen Webseiten Dritter, auf deren Inhalte wir keinen Einfluss haben. Deshalb k\u00f6nnen wir f\u00fcr diese fremden Inhalte auch keine Gew\u00e4hr \u00fcbernehmen. F\u00fcr die Inhalte der verlinkten Seiten ist stets der jeweilige Anbieter oder Betreiber der Seiten verantwortlich. Die verlinkten Seiten wurden zum Zeitpunkt der Verlinkung auf m\u00f6gliche Rechtsverst\u00f6\u00dfe \u00fcberpr\u00fcft. Rechtswidrige Inhalte waren zum Zeitpunkt der Verlinkung nicht erkennbar. Eine permanente inhaltliche Kontrolle der verlinkten Seiten ist jedoch ohne konkrete Anhaltspunkte einer Rechtsverletzung nicht zumutbar. Bei Bekanntwerden von Rechtsverletzungen werden wir derartige Links umgehend entfernen.<\/p>\n<p><strong>Urheberrecht<\/strong><br \/>Die durch die Seitenbetreiber erstellten Inhalte und Werke auf diesen Seiten unterliegen dem deutschen Urheberrecht. Die Vervielf\u00e4ltigung, Bearbeitung, Verbreitung und jede Art der Verwertung au\u00dferhalb der Grenzen des Urheberrechtes bed\u00fcrfen der schriftlichen Zustimmung des jeweiligen Autors bzw. Erstellers. Downloads und Kopien dieser Seite sind nicht gestattet. Soweit die Inhalte auf dieser Seite nicht vom Betreiber erstellt wurden, werden die Urheberrechte Dritter beachtet. Insbesondere werden Inhalte Dritter als solche gekennzeichnet. Sollten Sie trotzdem auf eine Urheberrechtsverletzung aufmerksam werden, bitten wir um einen entsprechenden Hinweis. Bei Bekanntwerden von Rechtsverletzungen werden wir derartige Inhalte umgehend entfernen.<\/span><\/p>\n<p>[\/et_pb_text][\/et_pb_column][\/et_pb_row][\/et_pb_section]<\/p>\n","protected":false},"excerpt":{"rendered":"<p>ImpressumAngaben gem\u00e4\u00df \u00a7 5 TMG Benedict Stopf kuchen\u00a0Kirschenweg 875447 Sternenfels\u00a0 Vertreten durch: Harriebeau Kontakt: Telefon: 0151 588 468 94E-Mail: kontakt@harriebeau.de Alle Bilder und Logos sind urheberrechtlich gesch\u00fctzt, Urheber ist H. Stopfkuchen Haftung f\u00fcr InhalteDie Inhalte unserer Seiten wurden mit gr\u00f6\u00dfter Sorgfalt erstellt. F\u00fcr die Richtigkeit, Vollst\u00e4ndigkeit und Aktualit\u00e4t der Inhalte k\u00f6nnen wir jedoch keine Gew\u00e4hr [&hellip;]<\/p>\n","protected":false},"author":1,"featured_media":0,"parent":0,"menu_order":50,"comment_status":"closed","ping_status":"closed","template":"","meta":{"_et_pb_use_builder":"on","_et_pb_old_content":"","_et_gb_content_width":"","footnotes":""},"class_list":["post-271884","page","type-page","status-publish","hentry"],"_links":{"self":[{"href":"https:\/\/www.harriebeau.de\/index.php?rest_route=\/wp\/v2\/pages\/271884","targetHints":{"allow":["GET"]}}],"collection":[{"href":"https:\/\/www.harriebeau.de\/index.php?rest_route=\/wp\/v2\/pages"}],"about":[{"href":"https:\/\/www.harriebeau.de\/index.php?rest_route=\/wp\/v2\/types\/page"}],"author":[{"embeddable":true,"href":"https:\/\/www.harriebeau.de\/index.php?rest_route=\/wp\/v2\/users\/1"}],"replies":[{"embeddable":true,"href":"https:\/\/www.harriebeau.de\/index.php?rest_route=%2Fwp%2Fv2%2Fcomments&post=271884"}],"version-history":[{"count":3,"href":"https:\/\/www.harriebeau.de\/index.php?rest_route=\/wp\/v2\/pages\/271884\/revisions"}],"predecessor-version":[{"id":271894,"href":"https:\/\/www.harriebeau.de\/index.php?rest_route=\/wp\/v2\/pages\/271884\/revisions\/271894"}],"wp:attachment":[{"href":"https:\/\/www.harriebeau.de\/index.php?rest_route=%2Fwp%2Fv2%2Fmedia&parent=271884"}],"curies":[{"name":"wp","href":"https:\/\/api.w.org\/{rel}","templated":true}]}}